{"id":510,"date":"2014-11-04T23:51:03","date_gmt":"2014-11-04T21:51:03","guid":{"rendered":"http:\/\/www.paracelsusapotheke-kofler.com\/sterzing-vipiteno\/?page_id=510"},"modified":"2014-11-04T23:55:18","modified_gmt":"2014-11-04T21:55:18","slug":"asclepio","status":"publish","type":"page","link":"https:\/\/www.paracelsusapotheke.it\/sterzing-vipiteno\/asclepio\/?lang=it","title":{"rendered":"Asclepio"},"content":{"rendered":"<div id='full_slider_1'  class='avia-fullwidth-slider main_color avia-shadow   avia-builder-el-0  el_before_av_notification  avia-builder-el-first   container_wrap sidebar_right'  ><div  class='avia-slideshow av-av_slideshow_full-4f3ef5c0d0c5e5a45e27d5f99336c2be avia-slideshow-featured av_slideshow_full avia-slide-slider av-slideshow-ui av-control-default av-slideshow-manual av-loop-once av-loop-manual-endless av-default-height-applied   avia-slideshow-1' data-slideshow-options=\"{&quot;animation&quot;:&quot;slide&quot;,&quot;autoplay&quot;:false,&quot;loop_autoplay&quot;:&quot;once&quot;,&quot;interval&quot;:5,&quot;loop_manual&quot;:&quot;manual-endless&quot;,&quot;autoplay_stopper&quot;:false,&quot;noNavigation&quot;:false,&quot;bg_slider&quot;:false,&quot;keep_padding&quot;:false,&quot;hoverpause&quot;:false,&quot;show_slide_delay&quot;:0}\"  itemprop=\"image\" itemscope=\"itemscope\" itemtype=\"https:\/\/schema.org\/ImageObject\" ><ul class='avia-slideshow-inner ' style='padding-bottom: 10%;'><li  class='avia-slideshow-slide av-av_slideshow_full-4f3ef5c0d0c5e5a45e27d5f99336c2be__0  av-single-slide slide-1 slide-odd'><div data-rel='slideshow-1' class='avia-slide-wrap '   ><img decoding=\"async\" fetchpriority=\"high\" class=\"wp-image-271 avia-img-lazy-loading-not-271\"  src=\"https:\/\/www.paracelsusapotheke.it\/sterzing-vipiteno\/wp-content\/uploads\/2014\/04\/schmal-aeskulabstab.jpg\" width=\"1500\" height=\"150\" title='schmal-aeskulabstab' alt=''  itemprop=\"thumbnailUrl\" srcset=\"https:\/\/www.paracelsusapotheke.it\/sterzing-vipiteno\/wp-content\/uploads\/2014\/04\/schmal-aeskulabstab.jpg 1500w, https:\/\/www.paracelsusapotheke.it\/sterzing-vipiteno\/wp-content\/uploads\/2014\/04\/schmal-aeskulabstab-300x30.jpg 300w, https:\/\/www.paracelsusapotheke.it\/sterzing-vipiteno\/wp-content\/uploads\/2014\/04\/schmal-aeskulabstab-1030x103.jpg 1030w, https:\/\/www.paracelsusapotheke.it\/sterzing-vipiteno\/wp-content\/uploads\/2014\/04\/schmal-aeskulabstab-705x70.jpg 705w, https:\/\/www.paracelsusapotheke.it\/sterzing-vipiteno\/wp-content\/uploads\/2014\/04\/schmal-aeskulabstab-450x45.jpg 450w\" sizes=\"(max-width: 1500px) 100vw, 1500px\" \/><\/div><\/li><\/ul><\/div><\/div><div id='after_full_slider_1'  class='main_color av_default_container_wrap container_wrap sidebar_right'  ><div class='container av-section-cont-open' ><div class='template-page content  av-content-small alpha units'><div class='post-entry post-entry-type-page post-entry-510'><div class='entry-content-wrapper clearfix'>\n<div id='avia-messagebox-' class='avia_message_box av_notification av-av_notification-8bf4410d77a9081735a61b580eaba10f avia-color-grey avia-size-large avia-icon_select-no avia-border-  avia-builder-el-1  el_after_av_slideshow_full  el_before_av_heading  avia-builder-el-first ' ><span class='avia_message_box_title' >Info<\/span><div class=\"avia_message_box_content\"><p>Asclepio o Esculapio (greco \u1f08\u03c3\u03ba\u03bb\u03b7\u03c0\u03b9\u03cc\u03c2, traslitterato Askl\u0113pi\u00f3s; latino Aesculapius) \u00e8 un personaggio della mitologia greca.<\/p>\n<\/div><\/div>\n\n<style type=\"text\/css\" data-created_by=\"avia_inline_auto\" id=\"style-css-av-av_heading-4ddbeadd6b32baf621045c219e069684\">\n#top .av-special-heading.av-av_heading-4ddbeadd6b32baf621045c219e069684{\npadding-bottom:10px;\n}\nbody .av-special-heading.av-av_heading-4ddbeadd6b32baf621045c219e069684 .av-special-heading-tag .heading-char{\nfont-size:25px;\n}\n.av-special-heading.av-av_heading-4ddbeadd6b32baf621045c219e069684 .av-subheading{\nfont-size:15px;\n}\n<\/style>\n<div  class='av-special-heading av-av_heading-4ddbeadd6b32baf621045c219e069684 av-special-heading-h3  avia-builder-el-2  el_after_av_notification  el_before_av_one_half '><h3 class='av-special-heading-tag '  itemprop=\"headline\"  >Significato<\/h3><div class=\"special-heading-border\"><div class=\"special-heading-inner-border\"><\/div><\/div><\/div>\n<div  class='flex_column av-av_one_half-2a9015ff38129c418a3f2eafba3e9512 av_one_half  avia-builder-el-3  el_after_av_heading  el_before_av_one_half  first flex_column_div  '     ><section  class='av_textblock_section av-av_textblock-0366cc7376be6c9e82a3e9cc8987b64f '   itemscope=\"itemscope\" itemtype=\"https:\/\/schema.org\/CreativeWork\" ><div class='avia_textblock'  itemprop=\"text\" ><p>Figlio di Apollo e di Arsinoe secondo Esiodo, oppure di Apollo e Coronide per Pindaro, un semidio e dunque uomo mortale per Omero, si diceva fosse stato istruito nella medicina dal centauro Chirone o che avesse ereditato tale propriet\u00e0 dal padre Apollo. Divenne poi il dio della medicina, al pari di suo padre, ed era una divinit\u00e0 molto adorata dal popolo, in quanto benevola con gl&#8217;infermi; la costellazione dell&#8217;Ofiuco rappresenta il suo mito.<\/p>\n<p>In Grecia, Asclepio veniva venerato come il dio della medicina, delle guarigioni e dei serpenti. Molti riferimenti ad Asclepio sono stati ritrovati anche in ambito &#8222;occulto&#8220;: la sua capacit\u00e0 di riportare in vita i morti lo rendeva difatti anche il dio invocato dai negromanti. il suo culto aveva il suo centro a Epidauro, ma era onorato anche a Pergamo.<\/p>\n<p>Secondo il mito, Apollo si innamor\u00f2 di Coronide mentre ella faceva il bagno in un lago. I due consumarono la loro passione, poi il dio and\u00f2 via, lasciando un corvo a guardia della ragazza. Coronide decise di sposarsi con Ischys, e il corvo, quando li vide assieme, vol\u00f2 da Apollo per riferire. Quando scopr\u00ec che Coronide era incinta, decise di punire il corvo, tramutandogli le piume da bianche in nere, poich\u00e9 non aveva allontanato Ischys da Coronide. Artemide uccise Coronide trafiggendola con un dardo, per vendicare il fratello disonorato. Apollo, per\u00f2, decise di salvare il piccolo che Coronide aveva in grembo, e chiese ad Ermes di prenderlo dal corpo della madre. Apollo decise di dare al piccolo il nome di Asclepio.<\/p>\n<p>Secondo il mito il semidio Asclepio ricevette dalla dea Atena il dono di cambiare il suo sangue con quello di Medusa la Gorgone. Da allora il sangue che sgorgava dalle vene del suo fianco sinistro era velenoso e portatore di sventure, ma quello del fianco destro aveva il potere di guarire qualsiasi malattia e persino di fare risorgere i morti, ci\u00f2 fece arrabbiare sia Zeus che Hades, poich\u00e9 l&#8217;afflusso dei morti dell&#8217;oltretomba diminuiva. (Secondo una variante del mito Asclepio invent\u00f2 una tecnica di guarigione che gli permetteva di guarire ogni tipo di ferita ed ogni tipo di malattia, facendo addirittura risorgere i morti).<\/p>\n<p>Proprio per questi poteri simili a quelli di un negromante, ovvero guarire i mali, riportare in vita i morti e garantire una vita straordinariamente lunga, Zeus decise di fulminarlo perch\u00e9 temeva che il particolare potere che Esculapio condivideva con gli uomini avrebbe potuto minacciare la fede negli dei, annullando di fatto la sostanziale differenza fra divinit\u00e0 e uomini, ovvero l&#8217;immortalit\u00e0. Apollo per\u00f2, si sent\u00ec oltraggiato per il trattamento severo riservato a suo figlio e si vendic\u00f2 uccidendo i tre Ciclopi che forgiavano le folgori di Zeus. Per placare Apollo, Zeus rese Asclepio immortale facendolo diventare un &#8222;dio minore&#8220; (date le circostanze non era certo possibile riportarlo in vita), tramutandolo nella costellazione di Ofiuco. Dunque Asclepio, che era nato come semidio, divenne un dio sotto forma di costellazione.<\/p>\n<p><strong>\u00a0<\/strong><\/p>\n<\/div><\/section><\/div><div  class='flex_column av-av_one_half-1c47c10d9dd6b9bc0b68f292c1cf5942 av_one_half  avia-builder-el-5  el_after_av_one_half  avia-builder-el-last  flex_column_div  '     ><style type=\"text\/css\" data-created_by=\"avia_inline_auto\" id=\"style-css-av-av_image-ba166af50a18838f8e56b3caba25693a\">\n.avia-image-container.av-av_image-ba166af50a18838f8e56b3caba25693a img.avia_image{\nbox-shadow:none;\n}\n.avia-image-container.av-av_image-ba166af50a18838f8e56b3caba25693a .av-image-caption-overlay-center{\ncolor:#ffffff;\n}\n<\/style>\n<div  class='avia-image-container av-av_image-ba166af50a18838f8e56b3caba25693a av-styling- avia-align-center  avia-builder-el-6  avia-builder-el-no-sibling '   itemprop=\"image\" itemscope=\"itemscope\" itemtype=\"https:\/\/schema.org\/ImageObject\" ><div class=\"avia-image-container-inner\"><div class=\"avia-image-overlay-wrap\"><img decoding=\"async\" fetchpriority=\"high\" class='wp-image-58 avia-img-lazy-loading-not-58 avia_image ' src=\"https:\/\/www.paracelsusapotheke.it\/sterzing-vipiteno\/wp-content\/uploads\/2014\/04\/aeskulap_stab.jpg\" alt='' title='\u00c4skulap Stab'  height=\"440\" width=\"660\"  itemprop=\"thumbnailUrl\" srcset=\"https:\/\/www.paracelsusapotheke.it\/sterzing-vipiteno\/wp-content\/uploads\/2014\/04\/aeskulap_stab.jpg 660w, https:\/\/www.paracelsusapotheke.it\/sterzing-vipiteno\/wp-content\/uploads\/2014\/04\/aeskulap_stab-300x200.jpg 300w\" sizes=\"(max-width: 660px) 100vw, 660px\" \/><\/div><\/div><\/div><\/div><\/p>\n","protected":false},"excerpt":{"rendered":"","protected":false},"author":1,"featured_media":0,"parent":0,"menu_order":0,"comment_status":"open","ping_status":"open","template":"","meta":{"footnotes":""},"class_list":["post-510","page","type-page","status-publish","hentry"],"jetpack_sharing_enabled":true,"_links":{"self":[{"href":"https:\/\/www.paracelsusapotheke.it\/sterzing-vipiteno\/wp-json\/wp\/v2\/pages\/510","targetHints":{"allow":["GET"]}}],"collection":[{"href":"https:\/\/www.paracelsusapotheke.it\/sterzing-vipiteno\/wp-json\/wp\/v2\/pages"}],"about":[{"href":"https:\/\/www.paracelsusapotheke.it\/sterzing-vipiteno\/wp-json\/wp\/v2\/types\/page"}],"author":[{"embeddable":true,"href":"https:\/\/www.paracelsusapotheke.it\/sterzing-vipiteno\/wp-json\/wp\/v2\/users\/1"}],"replies":[{"embeddable":true,"href":"https:\/\/www.paracelsusapotheke.it\/sterzing-vipiteno\/wp-json\/wp\/v2\/comments?post=510"}],"version-history":[{"count":3,"href":"https:\/\/www.paracelsusapotheke.it\/sterzing-vipiteno\/wp-json\/wp\/v2\/pages\/510\/revisions"}],"predecessor-version":[{"id":513,"href":"https:\/\/www.paracelsusapotheke.it\/sterzing-vipiteno\/wp-json\/wp\/v2\/pages\/510\/revisions\/513"}],"wp:attachment":[{"href":"https:\/\/www.paracelsusapotheke.it\/sterzing-vipiteno\/wp-json\/wp\/v2\/media?parent=510"}],"curies":[{"name":"wp","href":"https:\/\/api.w.org\/{rel}","templated":true}]}}