{"id":925,"date":"2025-05-30T16:43:21","date_gmt":"2025-05-30T14:43:21","guid":{"rendered":"https:\/\/www.paracelsusapotheke.it\/sterzing-vipiteno\/cookie-policy\/"},"modified":"2025-11-27T00:11:59","modified_gmt":"2025-11-26T22:11:59","slug":"cookie-policy","status":"publish","type":"page","link":"https:\/\/www.paracelsusapotheke.it\/sterzing-vipiteno\/cookie-policy\/","title":{"rendered":"Cookie Policy"},"content":{"rendered":"\n<style type=\"text\/css\" data-created_by=\"avia_inline_auto\" id=\"style-css-av-299yth-b201c69f65b0bdd44f2efb7f26959e58\">\n#top .av-special-heading.av-299yth-b201c69f65b0bdd44f2efb7f26959e58{\npadding-bottom:10px;\n}\nbody .av-special-heading.av-299yth-b201c69f65b0bdd44f2efb7f26959e58 .av-special-heading-tag .heading-char{\nfont-size:25px;\n}\n.av-special-heading.av-299yth-b201c69f65b0bdd44f2efb7f26959e58 .av-subheading{\nfont-size:15px;\n}\n<\/style>\n<div  class='av-special-heading av-299yth-b201c69f65b0bdd44f2efb7f26959e58 av-special-heading-h3  avia-builder-el-0  el_before_av_hr  avia-builder-el-first '><h3 class='av-special-heading-tag '  itemprop=\"headline\"  >COOKIE-RICHTLINIE \u2013 Ausf\u00fchrliche Informationen zu Cookies<\/h3><div class=\"special-heading-border\"><div class=\"special-heading-inner-border\"><\/div><\/div><\/div>\n\n<style type=\"text\/css\" data-created_by=\"avia_inline_auto\" id=\"style-css-av-7f8b9-145da94befbc163f8a4e0b5ac132c230\">\n#top .hr.hr-invisible.av-7f8b9-145da94befbc163f8a4e0b5ac132c230{\nheight:10px;\n}\n<\/style>\n<div  class='hr av-7f8b9-145da94befbc163f8a4e0b5ac132c230 hr-invisible  avia-builder-el-1  el_after_av_heading  el_before_av_one_full '><span class='hr-inner '><span class=\"hr-inner-style\"><\/span><\/span><\/div>\n<div  class='flex_column av-6xw31-a877d41219f7a7cf1abe6f849cd79aa1 av_one_full  avia-builder-el-2  el_after_av_hr  avia-builder-el-last  first flex_column_div  '     ><p>\n<style type=\"text\/css\" data-created_by=\"avia_inline_auto\" id=\"style-css-av-65nvp-7e60a87d4a5e98e1ce1ce367158568cf\">\n#top .av-special-heading.av-65nvp-7e60a87d4a5e98e1ce1ce367158568cf{\npadding-bottom:10px;\n}\nbody .av-special-heading.av-65nvp-7e60a87d4a5e98e1ce1ce367158568cf .av-special-heading-tag .heading-char{\nfont-size:25px;\n}\n.av-special-heading.av-65nvp-7e60a87d4a5e98e1ce1ce367158568cf .av-subheading{\nfont-size:15px;\n}\n<\/style>\n<div  class='av-special-heading av-65nvp-7e60a87d4a5e98e1ce1ce367158568cf av-special-heading-h3  avia-builder-el-3  el_before_av_textblock  avia-builder-el-first '><h3 class='av-special-heading-tag '  itemprop=\"headline\"  >Was sind Cookies?<\/h3><div class=\"special-heading-border\"><div class=\"special-heading-inner-border\"><\/div><\/div><\/div><br \/>\n<section  class='av_textblock_section av-1nc1bh-9b6221251e79288daf2aeb4689838586 '   itemscope=\"itemscope\" itemtype=\"https:\/\/schema.org\/CreativeWork\" ><div class='avia_textblock'  itemprop=\"text\" ><p><strong>Definition<\/strong><\/p>\n<p>Cookies sind kleine Textdateien, die von besuchten Websites an die Endger\u00e4te der Nutzer gesendet und dort gespeichert werden. Bei sp\u00e4teren Besuchen werden sie erneut an dieselben Websites \u00fcbermittelt. Sogenannte \u201eDrittanbieter-Cookies\u201c hingegen werden von einer anderen Website als der besuchten gesetzt. Dies liegt daran, dass jede Website Elemente (Bilder, Karten, T\u00f6ne, spezifische Links zu Webseiten anderer Domains usw.) enthalten kann, die auf anderen Servern als dem der besuchten Website gespeichert sind. Cookies werden f\u00fcr verschiedene Zwecke verwendet: zur Computerauthentifizierung, zur Sitzungs\u00fcberwachung, zum Speichern von Informationen \u00fcber die Serverkonfiguration der Nutzer, zum Speichern von Pr\u00e4ferenzen usw. Im Folgenden finden Sie alle Informationen zu den \u00fcber diese Website installierten Cookies sowie Anweisungen zur Verwaltung Ihrer Cookie-Einstellungen.<br \/>\nWeitere Informationen zu Cookies und ihrer allgemeinen Funktionsweise finden Sie beispielsweise auf der Website allaboutcookies.org.<\/p>\n<\/div><\/section><br \/>\n\n<style type=\"text\/css\" data-created_by=\"avia_inline_auto\" id=\"style-css-av-1f2sp9-b3b3c320e02b43123f4454086f4cdc8c\">\n#top .av-special-heading.av-1f2sp9-b3b3c320e02b43123f4454086f4cdc8c{\npadding-bottom:10px;\n}\nbody .av-special-heading.av-1f2sp9-b3b3c320e02b43123f4454086f4cdc8c .av-special-heading-tag .heading-char{\nfont-size:25px;\n}\n.av-special-heading.av-1f2sp9-b3b3c320e02b43123f4454086f4cdc8c .av-subheading{\nfont-size:15px;\n}\n<\/style>\n<div  class='av-special-heading av-1f2sp9-b3b3c320e02b43123f4454086f4cdc8c av-special-heading-h3  avia-builder-el-5  el_after_av_textblock  el_before_av_textblock '><h3 class='av-special-heading-tag '  itemprop=\"headline\"  >Beispiele anderer Technologien<\/h3><div class=\"special-heading-border\"><div class=\"special-heading-inner-border\"><\/div><\/div><\/div><br \/>\n<section  class='av_textblock_section av-17xup9-582fbdabc5a9ceb02feb9e99bad47167 '   itemscope=\"itemscope\" itemtype=\"https:\/\/schema.org\/CreativeWork\" ><div class='avia_textblock'  itemprop=\"text\" ><p><strong>Local Storage<\/strong><br \/>\nist eine Technologie zur Optimierung des Surfverhaltens, die keine Daten \u00fcber Nutzerpr\u00e4ferenzen sammelt (z. B. speichert sie einen Code, der die Nutzersitzung nach dem Login identifiziert, um die erneute Eingabe von Benutzername und Passwort auf jeder Profilseite beim Zugriff auf gesch\u00fctzte Bereiche zu vermeiden).<\/p>\n<p><strong>Tracking-Pixel<\/strong><br \/>\nEin Tracking-Code oder \u00dcberwachungscode ist ein kleines Codefragment, das von einigen Systemen bereitgestellt wird, um in anderen Systemen implementiert zu werden und bestimmte Daten \u00fcber den Nutzer, seine Browsersitzung oder das \u00d6ffnen von E-Mails zu erfassen \u2013 v\u00f6llig transparent f\u00fcr den Nutzer. Die erfassten Daten k\u00f6nnen sehr vielf\u00e4ltig sein, z. B. Datum und Uhrzeit, geografischer Standort, Ger\u00e4tetyp bis hin zu komplexeren Tracking-Pixeln, die den Wert einer Bestellung und andere f\u00fcr die Marketingabteilungen der Unternehmen n\u00fctzliche Informationen erfassen.<\/p>\n<p><strong>Plugin<\/strong><br \/>\nist ein Programm, das mit einem anderen Programm interagiert, um dessen urspr\u00fcngliche Funktionalit\u00e4t zu erweitern. Die am h\u00e4ufigsten verwendeten Plugins sind Social-Media-Widgets. Diese erm\u00f6glichen es Nutzern beispielsweise, mit einem Klick einer Seite oder einem Profil zu folgen, Inhalte als \u201eGef\u00e4llt mir\u201c zu markieren und sie in ihrem Profil zu teilen.<\/p>\n<p>Widgets sind grafische Benutzeroberfl\u00e4chenelemente, die die Interaktion mit dem Programm erleichtern. Am h\u00e4ufigsten werden Social-Media-Widgets verwendet, mit denen Nutzer soziale Netzwerke einfach in einem separaten Browserfenster \u00f6ffnen k\u00f6nnen.<\/p>\n<p>Diese Dienste erm\u00f6glichen die Interaktion mit sozialen Netzwerken oder anderen externen Plattformen direkt von den Seiten einer Website aus. Interaktionen und alle von der Website erfassten Informationen unterliegen den Datenschutzeinstellungen des jeweiligen Drittanbieters. Detaillierte Informationen gem\u00e4\u00df Artikel 13 der Verordnung (EU) 2016\/679 zur Verarbeitung personenbezogener Daten im Zusammenhang mit der Nutzung dieser Technologien finden Sie auf den Websites der jeweiligen Drittanbieter.<\/p>\n<\/div><\/section><br \/>\n\n<style type=\"text\/css\" data-created_by=\"avia_inline_auto\" id=\"style-css-av-11a4at-2684db85c06702434f8bae4f7fc370fd\">\n#top .av-special-heading.av-11a4at-2684db85c06702434f8bae4f7fc370fd{\npadding-bottom:10px;\n}\nbody .av-special-heading.av-11a4at-2684db85c06702434f8bae4f7fc370fd .av-special-heading-tag .heading-char{\nfont-size:25px;\n}\n.av-special-heading.av-11a4at-2684db85c06702434f8bae4f7fc370fd .av-subheading{\nfont-size:15px;\n}\n<\/style>\n<div  class='av-special-heading av-11a4at-2684db85c06702434f8bae4f7fc370fd av-special-heading-h3  avia-builder-el-7  el_after_av_textblock  el_before_av_textblock '><h3 class='av-special-heading-tag '  itemprop=\"headline\"  >Denken Sie daran, dass Sie Ihre Cookie-Einstellungen auch \u00fcber Ihren Browser verwalten k\u00f6nnen.<\/h3><div class=\"special-heading-border\"><div class=\"special-heading-inner-border\"><\/div><\/div><\/div><br \/>\n<section  class='av_textblock_section av-wjlet-b1f25bc9135dbbeee5a49f09a2fb9ca3 '   itemscope=\"itemscope\" itemtype=\"https:\/\/schema.org\/CreativeWork\" ><div class='avia_textblock'  itemprop=\"text\" ><p>Wenn Sie Ihren Browsertyp und Ihre Version nicht kennen, klicken Sie oben im Browserfenster auf \u201eHilfe\u201c. Dort finden Sie alle notwendigen Informationen. Wenn Sie Ihren Browser kennen, klicken Sie auf den entsprechenden Browser, um die Cookie-Verwaltungsseite aufzurufen. Informationen zur Cookie-Verwaltung in einigen der g\u00e4ngigsten Browser finden Sie beispielsweise unter folgenden Adressen:<\/p>\n<p>\u2022 Google Chrome<br \/>\n\u2022 Mozilla Firefox<br \/>\n\u2022 Apple Safari<br \/>\n\u2022 Microsoft Internet Explorer<br \/>\n\u2022 Microsoft Edge<br \/>\n\u2022 Brave<br \/>\n\u2022 Opera<\/p>\n<p>Weitere Informationen finden Sie unter www.youronlinechoices.eu<\/p>\n<\/div><\/section><br \/>\n\n<style type=\"text\/css\" data-created_by=\"avia_inline_auto\" id=\"style-css-av-rrpwt-78ac653681c29f776f0faf07f2a88fa1\">\n#top .av-special-heading.av-rrpwt-78ac653681c29f776f0faf07f2a88fa1{\npadding-bottom:10px;\n}\nbody .av-special-heading.av-rrpwt-78ac653681c29f776f0faf07f2a88fa1 .av-special-heading-tag .heading-char{\nfont-size:25px;\n}\n.av-special-heading.av-rrpwt-78ac653681c29f776f0faf07f2a88fa1 .av-subheading{\nfont-size:15px;\n}\n<\/style>\n<div  class='av-special-heading av-rrpwt-78ac653681c29f776f0faf07f2a88fa1 av-special-heading-h3  avia-builder-el-9  el_after_av_textblock  el_before_av_textblock '><h3 class='av-special-heading-tag '  itemprop=\"headline\"  >Diese Website verwendet Cookies<\/h3><div class=\"special-heading-border\"><div class=\"special-heading-inner-border\"><\/div><\/div><\/div><br \/>\n<section  class='av_textblock_section av-l4but-f34bac7f05e27eaab30171c5fd74d0c4 '   itemscope=\"itemscope\" itemtype=\"https:\/\/schema.org\/CreativeWork\" ><div class='avia_textblock'  itemprop=\"text\" ><p>Die Verwendung von Cookies durch den Inhaber dieser Website, APOTHEKE PARACELSUS DER PICHLER KATRIN SRL, mit Sitz in M. Gaismair-Siedlung 13\/A, 39049 Sterzing (BZ), vertreten durch ihren jeweiligen gesetzlichen Vertreter (E-Mail: info@paracelsusapotheke.it), unterliegt der Datenschutzerkl\u00e4rung dieser Website. Alle Informationen gem\u00e4\u00df Artikel 13 der EU-Verordnung 2016\/679 (DSGVO) finden Sie in der Datenschutzerkl\u00e4rung.<\/p>\n<p>Wenn Sie das Banner schlie\u00dfen (durch Auswahl des entsprechenden Befehls mit dem X in der oberen rechten Ecke oder durch Klicken auf \u201eSchlie\u00dfen\u201c), bleiben die Standardeinstellungen erhalten und die Navigation wird ohne Cookies oder andere Tracking-Tools (au\u00dfer technischen) fortgesetzt.<\/p>\n<p>Technische Cookies, die keiner Einwilligung bed\u00fcrfen: Cookies, die f\u00fcr den Betrieb der Website und die Bereitstellung des Dienstes unbedingt erforderlich sind.<\/p>\n<\/div><\/section><br \/>\n\n<style type=\"text\/css\" data-created_by=\"avia_inline_auto\" id=\"style-css-av-foxwl-9a28b60cb545248b8b4918f283badd6a\">\n#top .av-special-heading.av-foxwl-9a28b60cb545248b8b4918f283badd6a{\npadding-bottom:10px;\n}\nbody .av-special-heading.av-foxwl-9a28b60cb545248b8b4918f283badd6a .av-special-heading-tag .heading-char{\nfont-size:25px;\n}\n.av-special-heading.av-foxwl-9a28b60cb545248b8b4918f283badd6a .av-subheading{\nfont-size:15px;\n}\n<\/style>\n<div  class='av-special-heading av-foxwl-9a28b60cb545248b8b4918f283badd6a av-special-heading-h3  avia-builder-el-11  el_after_av_textblock  el_before_av_textblock '><h3 class='av-special-heading-tag '  itemprop=\"headline\"  >Statistische Cookies (entsprechend technischen Cookies) werden verwendet, um Informationen in aggregierter Form zu sammeln:<\/h3><div class=\"special-heading-border\"><div class=\"special-heading-inner-border\"><\/div><\/div><\/div><br \/>\n<section  class='av_textblock_section av-6zdbp-57d85dcaff994b87ec715b6faeea8935 '   itemscope=\"itemscope\" itemtype=\"https:\/\/schema.org\/CreativeWork\" ><div class='avia_textblock'  itemprop=\"text\" ><p>Die Website verwendet au\u00dferdem statistische Cookies von Drittanbietern (Google Analytics), um Informationen in aggregierter Form zu erfassen. Diese Cookies sind technische Cookies, d. h. sie erfassen nicht die IP-Adresse des Nutzers (Nutzerdaten werden nicht auf IP-Ebene profiliert) und geben keine Daten an Dritte weiter.<br \/>\nZugriff auf Informationen von Drittanbietern:<br \/>\nDatenschutzerkl\u00e4rung<br \/>\nCookie-Richtlinie<br \/>\nDeaktivierung<br \/>\nAlle technischen Cookies erfordern keine Einwilligung und werden daher beim Besuch der Website automatisch installiert.<\/p>\n<p>Cookies oder andere Technologien, die eine Einwilligung erfordern<br \/>\nAlle Cookies (oder andere Technologien), mit Ausnahme der oben genannten technischen Cookies, werden nur mit der ausdr\u00fccklichen Einwilligung des Nutzers beim ersten Besuch der Website installiert oder aktiviert. Die Einwilligung kann allgemein durch Interaktion mit dem kurzen Informationsbanner auf der Startseite der Website gem\u00e4\u00df den dort angegebenen Methoden erteilt oder selektiv gem\u00e4\u00df den dort angegebenen Methoden erteilt oder verweigert werden. Diese Einwilligung wird f\u00fcr nachfolgende Besuche gespeichert. Sie haben jederzeit die M\u00f6glichkeit, Ihre bereits erteilte Einwilligung ganz oder teilweise zu widerrufen.<\/p>\n<p>Cookies und andere Technologien von Drittanbietern<br \/>\nDiese Website verwendet Cookies und andere Technologien von Drittanbietern. Nachfolgend finden Sie Informationen dazu sowie Links zu den jeweiligen Datenschutzrichtlinien und Einwilligungsformularen.<\/p>\n<\/div><\/section><\/p><\/div>\n","protected":false},"excerpt":{"rendered":"","protected":false},"author":1,"featured_media":0,"parent":0,"menu_order":4,"comment_status":"closed","ping_status":"closed","template":"","meta":{"footnotes":""},"class_list":["post-925","page","type-page","status-publish","hentry"],"jetpack_sharing_enabled":true,"_links":{"self":[{"href":"https:\/\/www.paracelsusapotheke.it\/sterzing-vipiteno\/wp-json\/wp\/v2\/pages\/925","targetHints":{"allow":["GET"]}}],"collection":[{"href":"https:\/\/www.paracelsusapotheke.it\/sterzing-vipiteno\/wp-json\/wp\/v2\/pages"}],"about":[{"href":"https:\/\/www.paracelsusapotheke.it\/sterzing-vipiteno\/wp-json\/wp\/v2\/types\/page"}],"author":[{"embeddable":true,"href":"https:\/\/www.paracelsusapotheke.it\/sterzing-vipiteno\/wp-json\/wp\/v2\/users\/1"}],"replies":[{"embeddable":true,"href":"https:\/\/www.paracelsusapotheke.it\/sterzing-vipiteno\/wp-json\/wp\/v2\/comments?post=925"}],"version-history":[{"count":8,"href":"https:\/\/www.paracelsusapotheke.it\/sterzing-vipiteno\/wp-json\/wp\/v2\/pages\/925\/revisions"}],"predecessor-version":[{"id":1103,"href":"https:\/\/www.paracelsusapotheke.it\/sterzing-vipiteno\/wp-json\/wp\/v2\/pages\/925\/revisions\/1103"}],"wp:attachment":[{"href":"https:\/\/www.paracelsusapotheke.it\/sterzing-vipiteno\/wp-json\/wp\/v2\/media?parent=925"}],"curies":[{"name":"wp","href":"https:\/\/api.w.org\/{rel}","templated":true}]}}